 = -4*k, 3*a - 16 = 2*k + 6. Calculate the greatest common divisor of g and a.
10
Suppose -2*v = -2*x - v + 109, -3*x - v + 151 = 0. Suppose -4*m - 5 = -57. Let h be (m/2)/(6/12). What is the highest common divisor of x and h?
13
Let y = 203 - 59. Suppose -4*l + 3*l + 18 = 0. Calculate the greatest common factor of y and l.
18
Suppose 3*l - 87 = 4*r + 37, 2 = -2*r. Let i = 70 - l. What is the highest common factor of 180 and i?
30
Suppose 0 = 5*g - 50 + 230. Let w be ((-18)/g)/((-2)/(-108)). Calculate the greatest common factor of w and 54.
27
Suppose -3*m + 12 = -36. Suppose -5*z + 1 = m. Let a(o) = 5*o**2 + 6*o + 5. Let h be a(z). Calculate the greatest common factor of 320 and h.
32
Let i(o) = 3*o**2 + 19*o + 17. Let d be i(-8). What is the greatest common factor of d and 513?
57
Suppose 5*j - 4*t = -2*t + 90, -2*j + 5*t + 36 = 0. What is the highest common factor of 198 and j?
18
Let s be (35/5 + -5)*(-7)/(-2). Suppose 1 = s*t - 139. What is the greatest common factor of 50 and t?
10
Let y(l) = -7*l**3 - l - 9 - 13*l**2 - 6*l + 6*l**3 - 4*l**2. Let j be y(-17). What is the highest common factor of j and 22?
22
Suppose 3*q - 3*c = 885, -199 = -q + 5*c + 96. Let i = q + -175. Calculate the highest common factor of 15 and i.
15
Let y = 137 - 99. Calculate the greatest common factor of y and 874.
38
Let d be 27/12 - (-6)/8. Suppose d*r = -0*w + 5*w, -4*r + 35 = 5*w. Suppose 27 = 4*a - r*n, a = 4*n - 3 + 18. What is the greatest common factor of a and 2?
1
Let i(q) = -4*q + 14 + 6*q + 2*q + 42. Let g be i(10). Calculate the greatest common divisor of 12 and g.
12
Suppose -18*f + 22*f = -p + 146, -2*f - 620 = -5*p. Suppose 5*t - 2*m - 71 - 7 = 0, 3*t + 5*m - 22 = 0. What is the highest common divisor of p and t?
14
Suppose 5*r = 3*q - 172, 2*q + 4*r - 111 = 33. Suppose -3*y - q = -5*y. Suppose 4*s + 1784 = 1800. What is the greatest common factor of s and y?
4
Let a(h) be the third derivative of h**6/24 - h**5/15 - h**3/2 - 12*h**2. Let s be a(3). Calculate the highest common divisor of 64 and s.
32
Let o be (8/6)/(-2)*114/(-76). Suppose -3*p = -2*t - o - 7, -4*t = p - 26. Calculate the greatest common factor of 4 and p.
2
Suppose 123*u = 142*u - 1330. What is the highest common factor of u and 14?
14
Suppose -6*b = -2*b + d + 4, 2 = -2*b - 4*d. Let a = 3 - b. Suppose -5*f = -w + 60, -4*w - a*f + 83 = -109. What is the highest common factor of 125 and w?
25
Let f be ((-60)/(-8))/((-9)/(-192)). Calculate the highest common factor of 16 and f.
16
Suppose 14 = 2*h + 3*r, 40 = 5*h - 2*r - 14. Let g = 61 + -62. Let b(q) = -6*q + 4. Let j be b(g). Calculate the greatest common factor of h and j.
10
Let y(a) = 0*a**3 + 0*a**3 - 17*a + 2 - 10*a**2 - a**3. Let b be y(-8). Calculate the highest common divisor of 20 and b.
10
Suppose -5*w - 89 = -5*b + 76, 4*b = -5*w + 123. Suppose -20*j + 24 = -17*j. Calculate the highest common divisor of b and j.
8
Let m(o) = 14*o**2 - 3*o + 3. Let x be m(3). Suppose 12*l - 64 = 8*l. Let d be -2 + 1 + 0 + l. What is the greatest common divisor of x and d?
15
Suppose 3*q - 93 = 204. Calculate the highest common factor of q and 363.
33
Suppose -4*p = -3*a + 29, 3*p + 3 = 2*a - 19. Let f be ((-4)/(-10))/((-1)/5). Let q = f - p. Calculate the greatest common factor of 18 and q.
6
Suppose 2*x = -3*r - 0*r + 134, -4*x = 3*r - 280. Suppose u + 500 = 4*z, -2*z + 199 = 5*u - x. What is the greatest common factor of 18 and z?
18
Let m(t) = t**2 + 15*t + 30. Let p be m(-13). Let r be p - (-25 + 4 + -2). What is the greatest common divisor of 9 and r?
9
Suppose -b - 4*b + 39 = p, -4*b + 5*p + 8 = 0. Let k be (6 - b) + (-40)/(-2). What is the greatest common divisor of k and 76?
19
Let o = 6 + -2. Let v be 356/22 - o/22. Suppose -s = -3*s + 288. Calculate the greatest common factor of s and v.
16
Let m be (-276)/(-14) - (459/(-63) - -7). Let s be ((-6)/4)/((-3)/40). Calculate the highest common divisor of m and s.
20
Suppose 3*s + 4*r - 5516 = -460, 0 = 6*s + 2*r - 10088. Calculate the greatest common divisor of 105 and s.
105
Let d(x) = -119*x**3 - 2*x - 1. Let c be d(-1). Let u = 293 + -245. What is the greatest common divisor of u and c?
24
Let x = -103 + 843. What is the highest common divisor of x and 20?
20
Suppose j - 2*j = 0. Let t be 5*(16/20 + j). What is the greatest common factor of 2 and t?
2
Let j(m) = m**3 + 2*m**2 - 2*m. Let x be j(3). Let w be (1 + -28)/(x/(-26)). Let r = w + -11. Calculate the greatest common factor of 49 and r.
7
Let z(q) = q**3 + 17*q**2 + 39*q - 7. Let v be z(-9). What is the greatest common factor of 174 and v?
58
Suppose -51 = -3*t - 4*y, 4*y + y - 48 = -3*t. Calculate the highest common factor of t and 987.
21
Let q be (3*4/(-18))/((-2)/159). Let f = -45 + q. Calculate the highest common divisor of 32 and f.
8
Let t(y) = -y - 13. Let u be t(6). Let h = -15 - u. Suppose -26 = -o + j, 0*j - h = -2*j. What is the greatest common factor of o and 4?
4
Let m be ((-175)/20 + 0)/(6/(-24)). Calculate the greatest common divisor of 175 and m.
35
Let w(v) = v**3 + 12*v**2 + 15*v - 70. Let p be w(-9). What is the greatest common divisor of 1634 and p?
38
Suppose 3*b - 207 = 6*b. Let f = b - 44. Let t = -28 - f. What is the greatest common factor of t and 34?
17
Let o = -2343 - -3769. Calculate the highest common divisor of 46 and o.
46
Let f(l) = -13*l + 114. Let j be f(6). What is the highest common factor of 2250 and j?
18
Suppose -r = 5*w - 1127, 3*r + 2*r + 665 = 3*w. Let g = 217 + -192. Calculate the highest common factor of w and g.
25
Suppose -3*x = 2*x + 40. Let c be x/(-3) - 12/18. Suppose -d + 72 = c*q, 0*d - 4*q + 268 = 4*d. What is the highest common divisor of 31 and d?
31
Suppose -733 + 976 = 9*l. Calculate the highest common factor of 171 and l.
9
Suppose g + 10 = -3*a, -2*g - 14 + 6 = 0. Let b be a/((-1)/(-1)) - -3. Calculate the highest common factor of b and 9.
1
Suppose 1400 = -46*a + 48*a + 4*j, -5*a = 3*j - 3507. Calculate the highest common factor of a and 39.
39
Let f = 18 + -45. Let a = 105 + f. Let d = -19 + 32. Calculate the highest common divisor of d and a.
13
Let b be (-4584)/(-60) + 10 - (-2)/(-5). Calculate the greatest common divisor of 731 and b.
43
Suppose -7*m + 4*m + 12 = 0. Let z be 9/6 - ((-78)/m)/3. What is the greatest common divisor of z and 16?
8
Let x(f) = 16 - 5*f - 42 - 16*f**2 + 11*f + f**3. Let r be x(16). What is the greatest common divisor of 10 and r?
10
Suppose -867 - 288 = -35*z. What is the highest common factor of z and 792?
33
Suppose 5*f + 80 = 21*f. Suppose 70 = 7*z - f*z. Calculate the greatest common factor of z and 70.
35
Suppose 0 = -3*i - 6*i + 270. Calculate the greatest common divisor of i and 10.
10
Let t = -108 + 155. Suppose -7*k = t - 173. Let d = -11 + 23. Calculate the highest common divisor of k and d.
6
Let z be 7100/(-40)*(-2 + 0). What is the highest common factor of z and 213?
71
Let w(b) = 7*b + 28. Let p be w(0). What is the greatest common factor of 280 and p?
28
Let g be 14/2 + (152 - -2). What is the greatest common factor of 138 and g?
23
Suppose -a - 31 = -3*z, z - 2*z - 3 = -3*a. Let y(x) = 4*x**2 - 2*x + 17. Let d be y(3). Suppose d + 61 = 3*q. What is the highest common factor of q and z?
12
Let t = 11 - 7. Suppose n + 91 = 5*o, o - t*n - 76 = -3*o. Suppose -12 = 40*a - 42*a. Calculate the highest common divisor of a and o.
6
Let t(r) = -r**2 - 9*r - 15. Let c be t(-6). Suppose 0 = 4*o - 3 - 1, -c*o + 87 = 2*n. Calculate the highest common factor of n and 63.
21
Let i be (2/(-4))/(17/(-510)). Calculate the highest common divisor of i and 495.
15
Let q(b) = b**3 - 3*b**2 - 10*b - 20. Let v be q(6). Let r = 69 - -1. Calculate the highest common factor of r and v.
14
Let u(r) = -4*r - 31. Let m be u(-9). What is the highest common divisor of m and 535?
5
Let v(p) = 3*p**2 - 29*p + 72. Let f be v(15). Calculate the highest common factor of 24 and f.
24
Suppose 5 = -n - a + 3*a, 0 = n + 5*a + 12. Let p be 3/6*n*(-12)/21. What is the highest common factor of 2 and p?
2
Let v(z) = z**3 - 12*z**2 - 15*z + 15. Let n be v(13). Let y(u) = -u + 2. Let w be y(n). Suppose 50 + 15 = p. Calculate the highest common factor of p and w.
13
Let g be 2/(-2 + 396/195). Let k = -219 - -245. What is the highest common factor of k and g?
13